False
Is 33 a factor of 330?
True
Does 13 divide 39?
True
Is 32 a factor of 18030?
False
Is 74 a factor of 4751?
False
Is 250 a multiple of 45?
False
Is 384 a multiple of 32?
True
Does 8 divide 1233?
False
Is 27 a factor of 9909?
True
Does 103 divide 8961?
True
Is 84 a factor of 1848?
True
Is 2 a factor of 293?
False
Is 310 a multiple of 14?
False
Is 15 a factor of 22672?
False
Is 123 a factor of 984?
True
Is 17 a factor of 425?
True
Is 3 a factor of 2989?
False
Is 47418 a multiple of 12?
False
Is 106 a factor of 107048?
False
Does 11 divide 85333?
False
Is 20 a factor of 652?
False
Does 51 divide 1938?
True
Is 16 a factor of 4528?
True
Is 22909 a multiple of 107?
False
Is 3538 a multiple of 86?
False
Does 55 divide 4950?
True
Is 9 a factor of 441?
True
Is 16249 a multiple of 75?
False
Is 14515 a multiple of 23?
False
Is 13 a factor of 9257?
False
Does 9 divide 828?
True
Is 559 a multiple of 13?
True
Does 17 divide 1717?
True
Is 18 a factor of 22?
False
Does 8 divide 44704?
True
Is 5626 a multiple of 44?
False
Is 144 a factor of 1872?
True
Is 7 a factor of 12050?
False
Does 69 divide 276?
True
Is 661 a multiple of 42?
False
Is 848 a multiple of 16?
True
Is 10372 a multiple of 106?
False
Does 5 divide 51055?
True
Is 7820 a multiple of 3?
False
Does 280 divide 53200?
True
Is 1804 a multiple of 44?
True
Is 2051 a multiple of 23?
False
Does 10 divide 1440?
True
Is 23 a factor of 2024?
True
Is 116 a factor of 761?
False
Is 11 a factor of 4594?
False
Does 10 divide 2293?
False
Is 13 a factor of 2602?
False
Does 17 divide 34916?
False
Is 6046 a multiple of 28?
False
Is 591 a multiple of 13?
False
Is 5712 a multiple of 8?
True
Is 32973 a multiple of 69?
False
Is 18 a factor of 9144?
True
Does 26 divide 1560?
True
Is 2560 a multiple of 160?
True
Does 29 divide 1537?
True
Does 7 divide 427?
True
Is 58 a factor of 4321?
False
Is 21658 a multiple of 24?
False
Does 35 divide 341?
False
Is 1241 a multiple of 11?
False
Is 342 a multiple of 57?
True
Does 87 divide 1305?
True
Is 134 a factor of 13719?
False
Is 618 a multiple of 48?
False
Is 32 a factor of 6976?
True
Is 15 a factor of 750?
True
Is 93 a factor of 3255?
True
Does 78 divide 3043?
False
Is 2 a factor of 132?
True
Does 39 divide 26910?
True
Is 8153 a multiple of 4?
False
Is 167 a factor of 5511?
True
Is 34310 a multiple of 47?
True
Is 44 a factor of 8448?
True
Is 15 a factor of 3335?
False
Does 8 divide 32341?
False
Does 162 divide 1820?
False
Is 14 a factor of 384?
False
Does 19 divide 2204?
True
Is 27510 a multiple of 210?
True
Does 11 divide 7619?
False
Is 26 a factor of 1135?
False
Is 14 a factor of 896?
True
Is 1848 a multiple of 75?
False
Does 2 divide 182?
True
Does 15 divide 6135?
True
Is 21019 a multiple of 35?
False
Is 8575 a multiple of 35?
True
Is 2128 a multiple of 76?
True
Is 19 a factor of 95?
True
Is 516 a multiple of 12?
True
Is 777 a multiple of 47?
False
Is 744 a multiple of 4?
True
Does 19 divide 168?
False
Is 988 a multiple of 38?
True
Is 36 a factor of 532?
False
Does 53 divide 742?
True
Is 1681 a multiple of 6?
False
Does 25 divide 57050?
True
Does 17 divide 25330?
True
Does 6 divide 1416?
True
Is 1974 a multiple of 7?
True
Is 6939 a multiple of 20?
False
Is 47 a factor of 799?
True
Is 40 a factor of 10795?
False
Is 12 a factor of 1524?
True
Is 408 a multiple of 12?
True
Is 5052 a multiple of 38?
False
Is 8 a factor of 18608?
True
Is 2 a factor of 632?
True
Is 63131 a multiple of 154?
False
Does 3 divide 228?
True
Is 102 even?
True
Does 26 divide 14186?
False
Is 4656 a multiple of 24?
True
Is 250 a multiple of 14?
False
Is 672 a multiple of 54?
False
Does 5 divide 35410?
True
Is 3944 a multiple of 18?
False
Does 8 divide 11539?
False
Is 15284 a multiple of 5?
False
Does 19 divide 1240?
False
Is 75873 a multiple of 21?
True
Is 22 a factor of 112552?
True
Is 45 a factor of 5355?
True
Does 133 divide 465?
False
Does 337 divide 22737?
False
Is 6940 a multiple of 11?
False
Is 26 a factor of 2912?
True
Is 170 a factor of 83130?
True
Is 6945 a multiple of 18?
False
Is 26 a factor of 167?
False
Is 35 a factor of 2191?
False
Does 63 divide 2079?
True
Is 30704 a multiple of 19?
True
Is 987 a multiple of 47?
True
Does 27 divide 513?
True
Does 32 divide 10807?
False
Does 193 divide 28064?
False
Is 9 a factor of 84?
False
Is 76 even?
True
Is 221 a factor of 12659?
False
Is 296 a multiple of 8?
True
Is 11 a factor of 2238?
False
Is 47 a factor of 13741?
False
Is 62 a multiple of 5?
False
Is 6420 a multiple of 4?
True
Is 519 a multiple of 50?
False
Is 20 even?
True
Is 21 a factor of 22084?
False
Does 24 divide 3960?
True
Does 30 divide 38353?
False
Is 13 a factor of 1495?
True
Does 17 divide 414?
False
Does 6 divide 180?
True
Is 360 a multiple of 68?
False
Is 3172 a multiple of 52?
True
Does 125 divide 6756?
False
Is 3 a factor of 18712?
False
Is 12684 a multiple of 39?
False
Does 9 divide 693?
True
Does 14 divide 312?
False
Is 132 a factor of 7658?
False
Is 45 a factor of 3240?
True
Does 6 divide 6952?
False
Does 21 divide 1428?
True
Is 311 even?
False
Is 960 a multiple of 5?
True
Is 11 a factor of 15642?
True
Is 4228 a multiple of 14?
True
Is 32 a factor of 18272?
True
Is 14 a factor of 140?
True
Is 35 a multiple of 5?
True
Is 1254 a multiple of 19?
True
Does 8 divide 29728?
True
Is 1270 a multiple of 44?
False
Is 75452 a multiple of 26?
True
Does 124 divide 22735?
False
Does 29 divide 4758?
False
Is 1571 a multiple of 59?
False
Does 15 divide 4715?
False
Is 2890 a multiple of 48?
False
Is 47 a factor of 329?
True
Is 1012 a multiple of 92?
True
Is 6 a factor of 102?
True
Is 14 a factor of 630?
True
Is 105 a multiple of 21?
True
Is 28 a factor of 5819?
False
Is 17 a factor of 1616?
False
Does 121 divide 19481?
True
Is 1598 a multiple of 10?
False
Does 141 divide 846?
True
Is 1463 a multiple of 77?
True
Is 27 a factor of 14649?
False
Does 8 divide 5057?
False
Does 11 divide 714?
False
Does 31 divide 2232?
True
Does 14 divide 6503?
False
Is 7 a factor of 8218?
True
Is 2210 a multiple of 10?
True
Does 175 divide 1606?
False
Is 318 a multiple of 41?
False
Is 4 a factor of 600?
True
Is 97 a factor of 11566?
False
Is 79 a factor of 19118?
True
Does 8 divide 77192?
True
Does 45 divide 28755?
True
Is 57 a factor of 4389?
True
Is 490 a multiple of 9?
False
Is 2370 a multiple of 10?
True
Is 22 a factor of 264?
True
Does 21 divide 1565?
False
Is 3250 a multiple of 10?
True
Is 50688 a multiple of 128?
True
Is 2390 even?
True
Is 5597 a multiple of 5?
False
Is 323 even?
False
Does 24 divide 360?
True
Does 41 divide 22181?
True
Is 14 a factor of 448?
True
Is 125 a factor of 64500?
True
Is 7 a factor of 1310?
False
Does 34 divide 28657?
False
Is 62 a factor of 3844?
True
Does 49 divide 147?
True
Does 40 divide 11320?
True
Is 33 a factor of 19371?
True
Is 86 a factor of 8170?
True
Is 21 a factor of 924?
True
Is 55 a factor of 39359?
False
Is 43405 a multiple of 9?
False
Is 13 a factor of 1976?
True
Does 26 divide 3023?
False
Does 3 divide 1285?
False
Does 82 divide 4920?
True
Is 2874 a multiple of 6?
True
Is 320 a multiple of 66?
False
Does 19 divide 1844?
False
Does 28 divide 5488?
True
Is 32 a multiple of 16?
True
Is 14 a factor of 1876?
True
Is 3312 a multiple of 2?
True
Does 62 divide 372?
True
Is 5994 a multiple of 111?
True
Does 92 divide 9752?
True
Does 21 divide 362?
False
Does 13 divide 1362?
False
Does 27 divide 17010?
True
Is 6885 a multiple of 15?
True
Is 11 a factor of 1565?
False
Is 21 a factor of 225?
False
Is 5 a factor of 259?
False
Is 5240 a multiple of 3?
False
Is 624 a multiple of 9?
False
Does 41 divide 42804?
True
Is 32640 a multiple of 48?
True
Does 40 divide 8440?
True
Is 812 a multiple of 8?
False
Is 5 a factor of 1269?
False
Does 26 divide 106756?
True
Does 157 divide 23606?
False
Is 64 a factor of 9600?
True
Is 56 a factor of 1008?
True
Is 5607 a multiple of 89?
True
Does 19 divide 1174?
False
Is 4 a factor of 180?
True
Does 287 divide 9184?
True
Does 144 divide 43056?
True
Is 17 a factor of 9350?
True
Is 441 a multiple of 21?
True
Is 7527 a multiple of 193?
True
Is 187 a multiple of 11?
True
Does 2 divide 114?
True
Does 28 divide 6216?
True
Is 8798 a multiple of 4?
False
Is 3901 a multiple of 38?
False
Is 9 a factor of 585?
True
Does 13 divide 384?
False
Is 10224 a multiple 